{"id":865,"date":"2023-01-16T19:01:57","date_gmt":"2023-01-16T18:01:57","guid":{"rendered":"https:\/\/www.oz1hq.dk\/?page_id=865"},"modified":"2023-10-30T15:33:54","modified_gmt":"2023-10-30T14:33:54","slug":"oz50ddxg","status":"publish","type":"page","link":"https:\/\/www.oz1hq.dk\/?page_id=865","title":{"rendered":"OZ50DDXG"},"content":{"rendered":"\n<p>Her finder du dit Deltagerdiplom eller dit Deltagercertifikat og kan downloade ved at klikke p\u00e5 det og derefter h\u00f8jreklikke p\u00e5 det store diplom og v\u00e6lge &#8220;Print&#8221; eller &#8220;Download&#8221; eller &#8220;Gem&#8221;.<\/p>\n\n\n\n<p>Find mere information p\u00e5:  <strong><a rel=\"noreferrer noopener\" href=\"http:\/\/www.oz1hq.dk\/sh5\/2022-OZ50DDXG\/\" target=\"_blank\">OZ50DDXG<\/a><\/strong><\/p>\n\n\n\n<figure class=\"wp-block-gallery has-nested-images columns-default is-cropped wp-block-gallery-1 is-layout-flex wp-block-gallery-is-layout-flex\">\n<figure class=\"wp-block-image size-large\"><a href=\"https:\/\/www.oz1hq.dk\/wp-content\/uploads\/2023\/01\/D-OZ1IKY-1.jpg\"><img loading=\"lazy\" decoding=\"async\" width=\"212\" height=\"300\" data-id=\"890\" src=\"https:\/\/www.oz1hq.dk\/wp-content\/uploads\/2023\/01\/D-OZ1IKY.jpg\" alt=\"\" class=\"wp-image-890\"\/><\/a><\/figure>\n\n\n\n<figure class=\"wp-block-image size-large\"><a href=\"https:\/\/www.oz1hq.dk\/wp-content\/uploads\/2023\/01\/D-OZ1DJJ-1.jpg\"><img loading=\"lazy\" decoding=\"async\" width=\"212\" height=\"300\" data-id=\"889\" src=\"https:\/\/www.oz1hq.dk\/wp-content\/uploads\/2023\/01\/D-OZ1DJJ.jpg\" alt=\"\" class=\"wp-image-889\"\/><\/a><\/figure>\n\n\n\n<figure class=\"wp-block-image size-large\"><a href=\"https:\/\/www.oz1hq.dk\/wp-content\/uploads\/2023\/01\/D-OZ1D-1.jpg\"><img loading=\"lazy\" decoding=\"async\" width=\"212\" height=\"300\" data-id=\"888\" src=\"https:\/\/www.oz1hq.dk\/wp-content\/uploads\/2023\/01\/D-OZ1D.jpg\" alt=\"\" class=\"wp-image-888\"\/><\/a><\/figure>\n\n\n\n<figure class=\"wp-block-image size-large\"><a href=\"https:\/\/www.oz1hq.dk\/wp-content\/uploads\/2023\/01\/D-OZ1AXG-1.jpg\"><img loading=\"lazy\" decoding=\"async\" width=\"212\" height=\"300\" data-id=\"887\" src=\"https:\/\/www.oz1hq.dk\/wp-content\/uploads\/2023\/01\/D-OZ1AXG.jpg\" alt=\"\" class=\"wp-image-887\"\/><\/a><\/figure>\n\n\n\n<figure class=\"wp-block-image size-large\"><a href=\"https:\/\/www.oz1hq.dk\/wp-content\/uploads\/2023\/01\/D-LA8DW-1.jpg\"><img loading=\"lazy\" decoding=\"async\" width=\"212\" height=\"300\" data-id=\"886\" src=\"https:\/\/www.oz1hq.dk\/wp-content\/uploads\/2023\/01\/D-LA8DW.jpg\" alt=\"\" class=\"wp-image-886\"\/><\/a><\/figure>\n\n\n\n<figure class=\"wp-block-image size-large\"><a href=\"https:\/\/www.oz1hq.dk\/wp-content\/uploads\/2023\/01\/OZ8AGB-1.jpg\"><img loading=\"lazy\" decoding=\"async\" width=\"212\" height=\"300\" data-id=\"885\" src=\"https:\/\/www.oz1hq.dk\/wp-content\/uploads\/2023\/01\/OZ8AGB.jpg\" alt=\"\" class=\"wp-image-885\"\/><\/a><\/figure>\n\n\n\n<figure class=\"wp-block-image size-large\"><a href=\"https:\/\/www.oz1hq.dk\/wp-content\/uploads\/2023\/01\/OZ7DK-1.jpg\"><img loading=\"lazy\" decoding=\"async\" width=\"212\" height=\"300\" data-id=\"884\" src=\"https:\/\/www.oz1hq.dk\/wp-content\/uploads\/2023\/01\/OZ7DK.jpg\" alt=\"\" class=\"wp-image-884\"\/><\/a><\/figure>\n\n\n\n<figure class=\"wp-block-image size-large\"><a href=\"https:\/\/www.oz1hq.dk\/wp-content\/uploads\/2023\/01\/OZ7AKT-1.jpg\"><img loading=\"lazy\" decoding=\"async\" width=\"212\" height=\"300\" data-id=\"883\" src=\"https:\/\/www.oz1hq.dk\/wp-content\/uploads\/2023\/01\/OZ7AKT.jpg\" alt=\"\" class=\"wp-image-883\"\/><\/a><\/figure>\n\n\n\n<figure class=\"wp-block-image size-large\"><a href=\"https:\/\/www.oz1hq.dk\/wp-content\/uploads\/2023\/01\/OZ6OM-1.jpg\"><img loading=\"lazy\" decoding=\"async\" width=\"212\" height=\"300\" data-id=\"882\" src=\"https:\/\/www.oz1hq.dk\/wp-content\/uploads\/2023\/01\/OZ6OM.jpg\" alt=\"\" class=\"wp-image-882\"\/><\/a><\/figure>\n\n\n\n<figure class=\"wp-block-image size-large\"><a href=\"https:\/\/www.oz1hq.dk\/wp-content\/uploads\/2023\/01\/OZ5OC-1.jpg\"><img loading=\"lazy\" decoding=\"async\" width=\"212\" height=\"300\" data-id=\"881\" src=\"https:\/\/www.oz1hq.dk\/wp-content\/uploads\/2023\/01\/OZ5OC.jpg\" alt=\"\" class=\"wp-image-881\"\/><\/a><\/figure>\n\n\n\n<figure class=\"wp-block-image size-large\"><a href=\"https:\/\/www.oz1hq.dk\/wp-content\/uploads\/2023\/01\/OZ4CG-1.jpg\"><img loading=\"lazy\" decoding=\"async\" width=\"212\" height=\"300\" data-id=\"880\" src=\"https:\/\/www.oz1hq.dk\/wp-content\/uploads\/2023\/01\/OZ4CG.jpg\" alt=\"\" class=\"wp-image-880\"\/><\/a><\/figure>\n\n\n\n<figure class=\"wp-block-image size-large\"><a href=\"https:\/\/www.oz1hq.dk\/wp-content\/uploads\/2023\/01\/OZ1RH-1.jpg\"><img loading=\"lazy\" decoding=\"async\" width=\"212\" height=\"300\" data-id=\"877\" src=\"https:\/\/www.oz1hq.dk\/wp-content\/uploads\/2023\/01\/OZ1RH.jpg\" alt=\"\" class=\"wp-image-877\"\/><\/a><\/figure>\n\n\n\n<figure class=\"wp-block-image size-large\"><a href=\"https:\/\/www.oz1hq.dk\/wp-content\/uploads\/2023\/01\/OZ4ABH-1.jpg\"><img loading=\"lazy\" decoding=\"async\" width=\"212\" height=\"300\" data-id=\"879\" src=\"https:\/\/www.oz1hq.dk\/wp-content\/uploads\/2023\/01\/OZ4ABH.jpg\" alt=\"\" class=\"wp-image-879\"\/><\/a><\/figure>\n\n\n\n<figure class=\"wp-block-image size-large\"><a href=\"https:\/\/www.oz1hq.dk\/wp-content\/uploads\/2023\/01\/OZ2I-1.jpg\"><img loading=\"lazy\" decoding=\"async\" width=\"212\" height=\"300\" data-id=\"878\" src=\"https:\/\/www.oz1hq.dk\/wp-content\/uploads\/2023\/01\/OZ2I.jpg\" alt=\"\" class=\"wp-image-878\"\/><\/a><\/figure>\n\n\n\n<figure class=\"wp-block-image size-large\"><a href=\"https:\/\/www.oz1hq.dk\/wp-content\/uploads\/2023\/01\/OZ1HPS-1.jpg\"><img loading=\"lazy\" decoding=\"async\" width=\"212\" height=\"300\" data-id=\"876\" src=\"https:\/\/www.oz1hq.dk\/wp-content\/uploads\/2023\/01\/OZ1HPS.jpg\" alt=\"\" class=\"wp-image-876\"\/><\/a><\/figure>\n\n\n\n<figure class=\"wp-block-image size-large\"><a href=\"https:\/\/www.oz1hq.dk\/wp-content\/uploads\/2023\/01\/OV3T-1.jpg\"><img loading=\"lazy\" decoding=\"async\" width=\"212\" height=\"300\" data-id=\"875\" src=\"https:\/\/www.oz1hq.dk\/wp-content\/uploads\/2023\/01\/OV3T.jpg\" alt=\"\" class=\"wp-image-875\"\/><\/a><\/figure>\n\n\n\n<figure class=\"wp-block-image size-large\"><a href=\"https:\/\/www.oz1hq.dk\/wp-content\/uploads\/2023\/01\/OU4N-1.jpg\"><img loading=\"lazy\" decoding=\"async\" width=\"212\" height=\"300\" data-id=\"874\" src=\"https:\/\/www.oz1hq.dk\/wp-content\/uploads\/2023\/01\/OU4N.jpg\" alt=\"\" class=\"wp-image-874\"\/><\/a><\/figure>\n\n\n\n<figure class=\"wp-block-image size-large\"><a href=\"https:\/\/www.oz1hq.dk\/wp-content\/uploads\/2023\/01\/D-OZ4ZT-1.jpg\"><img loading=\"lazy\" decoding=\"async\" width=\"212\" height=\"300\" data-id=\"873\" src=\"https:\/\/www.oz1hq.dk\/wp-content\/uploads\/2023\/01\/D-OZ4ZT.jpg\" alt=\"\" class=\"wp-image-873\"\/><\/a><\/figure>\n\n\n\n<figure class=\"wp-block-image size-large\"><a href=\"https:\/\/www.oz1hq.dk\/wp-content\/uploads\/2023\/01\/D-OZ2PBS-1.jpg\"><img loading=\"lazy\" decoding=\"async\" width=\"212\" height=\"300\" data-id=\"872\" src=\"https:\/\/www.oz1hq.dk\/wp-content\/uploads\/2023\/01\/D-OZ2PBS.jpg\" alt=\"\" class=\"wp-image-872\"\/><\/a><\/figure>\n\n\n\n<figure class=\"wp-block-image size-large\"><a href=\"https:\/\/www.oz1hq.dk\/wp-content\/uploads\/2023\/01\/D-OZ1T-1.jpg\"><img loading=\"lazy\" decoding=\"async\" width=\"212\" height=\"300\" data-id=\"871\" src=\"https:\/\/www.oz1hq.dk\/wp-content\/uploads\/2023\/01\/D-OZ1T.jpg\" alt=\"\" class=\"wp-image-871\"\/><\/a><\/figure>\n\n\n\n<figure class=\"wp-block-image size-large\"><a href=\"https:\/\/www.oz1hq.dk\/wp-content\/uploads\/2023\/01\/D-OZ1ISY-1.jpg\"><img loading=\"lazy\" decoding=\"async\" width=\"212\" height=\"300\" data-id=\"870\" src=\"https:\/\/www.oz1hq.dk\/wp-content\/uploads\/2023\/01\/D-OZ1ISY.jpg\" alt=\"\" class=\"wp-image-870\"\/><\/a><\/figure>\n<\/figure>\n\n\n<div class=\"wp-block-post-author\"><div class=\"wp-block-post-author__avatar\"><img alt='' src='https:\/\/secure.gravatar.com\/avatar\/1d0bf3e08dc64ba2be0caf5aa53d64cc50b8fc6ca1995a9e349ea9949521e0aa?s=48&#038;d=mm&#038;r=g' srcset='https:\/\/secure.gravatar.com\/avatar\/1d0bf3e08dc64ba2be0caf5aa53d64cc50b8fc6ca1995a9e349ea9949521e0aa?s=96&#038;d=mm&#038;r=g 2x' class='avatar avatar-48 photo' height='48' width='48' \/><\/div><div class=\"wp-block-post-author__content\"><p class=\"wp-block-post-author__name\">admin OZ2I<\/p><\/div><\/div>","protected":false},"excerpt":{"rendered":"<p>Her finder du dit Deltagerdiplom eller dit Deltagercertifikat og kan downloade ved at klikke p\u00e5 det og derefter h\u00f8jreklikke p\u00e5 det store diplom og v\u00e6lge &#8220;Print&#8221; eller &#8220;Download&#8221; eller &#8220;Gem&#8221;. Find mere information p\u00e5: OZ50DDXG<\/p>\n","protected":false},"author":1,"featured_media":1547,"parent":0,"menu_order":0,"comment_status":"closed","ping_status":"closed","template":"","meta":{"footnotes":""},"class_list":["post-865","page","type-page","status-publish","has-post-thumbnail","hentry"],"_links":{"self":[{"href":"https:\/\/www.oz1hq.dk\/index.php?rest_route=\/wp\/v2\/pages\/865","targetHints":{"allow":["GET"]}}],"collection":[{"href":"https:\/\/www.oz1hq.dk\/index.php?rest_route=\/wp\/v2\/pages"}],"about":[{"href":"https:\/\/www.oz1hq.dk\/index.php?rest_route=\/wp\/v2\/types\/page"}],"author":[{"embeddable":true,"href":"https:\/\/www.oz1hq.dk\/index.php?rest_route=\/wp\/v2\/users\/1"}],"replies":[{"embeddable":true,"href":"https:\/\/www.oz1hq.dk\/index.php?rest_route=%2Fwp%2Fv2%2Fcomments&post=865"}],"version-history":[{"count":10,"href":"https:\/\/www.oz1hq.dk\/index.php?rest_route=\/wp\/v2\/pages\/865\/revisions"}],"predecessor-version":[{"id":1795,"href":"https:\/\/www.oz1hq.dk\/index.php?rest_route=\/wp\/v2\/pages\/865\/revisions\/1795"}],"wp:featuredmedia":[{"embeddable":true,"href":"https:\/\/www.oz1hq.dk\/index.php?rest_route=\/wp\/v2\/media\/1547"}],"wp:attachment":[{"href":"https:\/\/www.oz1hq.dk\/index.php?rest_route=%2Fwp%2Fv2%2Fmedia&parent=865"}],"curies":[{"name":"wp","href":"https:\/\/api.w.org\/{rel}","templated":true}]}}