{"id":2234,"date":"2025-04-07T08:13:17","date_gmt":"2025-04-07T06:13:17","guid":{"rendered":"https:\/\/www.oz1hq.dk\/?page_id=2234"},"modified":"2025-04-29T08:59:20","modified_gmt":"2025-04-29T06:59:20","slug":"oz100iaru","status":"publish","type":"page","link":"https:\/\/www.oz1hq.dk\/?page_id=2234","title":{"rendered":"OZ100IARU"},"content":{"rendered":"\n<h2 class=\"wp-block-heading has-text-align-center has-accent-color has-text-color has-link-color wp-elements-fe301ac1a07611d6bd36d5036c7a8ffa\">19. &#8211; 27 APRIL 2025<\/h2>\n\n\n<div class=\"wp-block-image\">\n<figure class=\"aligncenter size-full\"><img loading=\"lazy\" decoding=\"async\" width=\"743\" height=\"601\" src=\"https:\/\/www.oz1hq.dk\/wp-content\/uploads\/2025\/04\/res.png\" alt=\"\" class=\"wp-image-2313\" srcset=\"https:\/\/www.oz1hq.dk\/wp-content\/uploads\/2025\/04\/res.png 743w, https:\/\/www.oz1hq.dk\/wp-content\/uploads\/2025\/04\/res-300x243.png 300w\" sizes=\"auto, (max-width: 743px) 100vw, 743px\" \/><figcaption class=\"wp-element-caption\">Slutresultatet<\/figcaption><\/figure>\n<\/div>\n\n\n<p>B\u00e5de OZ2PBS og OZ8R n\u00e5ede op p\u00e5 mere end 21 kontakter med OZ100IARU operat\u00f8rerne.<br>Forholdene var godt nok ikke med os denne gang og det var sv\u00e6rt at f\u00e5 forbindelser p\u00e5 stort set alle b\u00e5nd.  En undtagelse er DIGI, hvor Michael 5P1KZX lavede ikke mindre end 4.047 QSO&#8217;er = FLOT.<\/p>\n\n\n\n<p>Operat\u00f8rcertifikater kan hentes her:<\/p>\n\n\n\n<figure class=\"wp-block-gallery has-nested-images columns-default is-cropped wp-block-gallery-1 is-layout-flex wp-block-gallery-is-layout-flex\">\n<figure data-wp-context=\"{&quot;imageId&quot;:&quot;69f39badcd28c&quot;}\" data-wp-interactive=\"core\/image\" data-wp-key=\"69f39badcd28c\" class=\"wp-block-image size-large wp-lightbox-container\"><img loading=\"lazy\" decoding=\"async\" width=\"1024\" height=\"726\" data-wp-class--hide=\"state.isContentHidden\" data-wp-class--show=\"state.isContentVisible\" data-wp-init=\"callbacks.setButtonStyles\" data-wp-on--click=\"actions.showLightbox\" data-wp-on--load=\"callbacks.setButtonStyles\" data-wp-on-window--resize=\"callbacks.setButtonStyles\" data-id=\"2297\" src=\"https:\/\/www.oz1hq.dk\/wp-content\/uploads\/2025\/04\/OZ1THC-1-1024x726.jpg\" alt=\"\" class=\"wp-image-2297\" srcset=\"https:\/\/www.oz1hq.dk\/wp-content\/uploads\/2025\/04\/OZ1THC-1-1024x726.jpg 1024w, https:\/\/www.oz1hq.dk\/wp-content\/uploads\/2025\/04\/OZ1THC-1-300x213.jpg 300w, https:\/\/www.oz1hq.dk\/wp-content\/uploads\/2025\/04\/OZ1THC-1-768x545.jpg 768w, https:\/\/www.oz1hq.dk\/wp-content\/uploads\/2025\/04\/OZ1THC-1-1536x1089.jpg 1536w, https:\/\/www.oz1hq.dk\/wp-content\/uploads\/2025\/04\/OZ1THC-1-1200x851.jpg 1200w, https:\/\/www.oz1hq.dk\/wp-content\/uploads\/2025\/04\/OZ1THC-1.jpg 1713w\" sizes=\"auto, (max-width: 1024px) 100vw, 1024px\" \/><button\n\t\t\tclass=\"lightbox-trigger\"\n\t\t\ttype=\"button\"\n\t\t\taria-haspopup=\"dialog\"\n\t\t\taria-label=\"Forst\u00f8r\"\n\t\t\tdata-wp-init=\"callbacks.initTriggerButton\"\n\t\t\tdata-wp-on--click=\"actions.showLightbox\"\n\t\t\tdata-wp-style--right=\"state.imageButtonRight\"\n\t\t\tdata-wp-style--top=\"state.imageButtonTop\"\n\t\t>\n\t\t\t<svg xmlns=\"http:\/\/www.w3.org\/2000\/svg\" width=\"12\" height=\"12\" fill=\"none\" viewBox=\"0 0 12 12\">\n\t\t\t\t<path fill=\"#fff\" d=\"M2 0a2 2 0 0 0-2 2v2h1.5V2a.5.5 0 0 1 .5-.5h2V0H2Zm2 10.5H2a.5.5 0 0 1-.5-.5V8H0v2a2 2 0 0 0 2 2h2v-1.5ZM8 12v-1.5h2a.5.5 0 0 0 .5-.5V8H12v2a2 2 0 0 1-2 2H8Zm2-12a2 2 0 0 1 2 2v2h-1.5V2a.5.5 0 0 0-.5-.5H8V0h2Z\" \/>\n\t\t\t<\/svg>\n\t\t<\/button><\/figure>\n\n\n\n<figure data-wp-context=\"{&quot;imageId&quot;:&quot;69f39badcd600&quot;}\" data-wp-interactive=\"core\/image\" data-wp-key=\"69f39badcd600\" class=\"wp-block-image size-large wp-lightbox-container\"><img loading=\"lazy\" decoding=\"async\" width=\"1024\" height=\"726\" data-wp-class--hide=\"state.isContentHidden\" data-wp-class--show=\"state.isContentVisible\" data-wp-init=\"callbacks.setButtonStyles\" data-wp-on--click=\"actions.showLightbox\" data-wp-on--load=\"callbacks.setButtonStyles\" data-wp-on-window--resize=\"callbacks.setButtonStyles\" data-id=\"2295\" src=\"https:\/\/www.oz1hq.dk\/wp-content\/uploads\/2025\/04\/OZ2I-1-1024x726.jpg\" alt=\"\" class=\"wp-image-2295\" srcset=\"https:\/\/www.oz1hq.dk\/wp-content\/uploads\/2025\/04\/OZ2I-1-1024x726.jpg 1024w, https:\/\/www.oz1hq.dk\/wp-content\/uploads\/2025\/04\/OZ2I-1-300x213.jpg 300w, https:\/\/www.oz1hq.dk\/wp-content\/uploads\/2025\/04\/OZ2I-1-768x545.jpg 768w, https:\/\/www.oz1hq.dk\/wp-content\/uploads\/2025\/04\/OZ2I-1-1536x1089.jpg 1536w, https:\/\/www.oz1hq.dk\/wp-content\/uploads\/2025\/04\/OZ2I-1-1200x851.jpg 1200w, https:\/\/www.oz1hq.dk\/wp-content\/uploads\/2025\/04\/OZ2I-1.jpg 1713w\" sizes=\"auto, (max-width: 1024px) 100vw, 1024px\" \/><button\n\t\t\tclass=\"lightbox-trigger\"\n\t\t\ttype=\"button\"\n\t\t\taria-haspopup=\"dialog\"\n\t\t\taria-label=\"Forst\u00f8r\"\n\t\t\tdata-wp-init=\"callbacks.initTriggerButton\"\n\t\t\tdata-wp-on--click=\"actions.showLightbox\"\n\t\t\tdata-wp-style--right=\"state.imageButtonRight\"\n\t\t\tdata-wp-style--top=\"state.imageButtonTop\"\n\t\t>\n\t\t\t<svg xmlns=\"http:\/\/www.w3.org\/2000\/svg\" width=\"12\" height=\"12\" fill=\"none\" viewBox=\"0 0 12 12\">\n\t\t\t\t<path fill=\"#fff\" d=\"M2 0a2 2 0 0 0-2 2v2h1.5V2a.5.5 0 0 1 .5-.5h2V0H2Zm2 10.5H2a.5.5 0 0 1-.5-.5V8H0v2a2 2 0 0 0 2 2h2v-1.5ZM8 12v-1.5h2a.5.5 0 0 0 .5-.5V8H12v2a2 2 0 0 1-2 2H8Zm2-12a2 2 0 0 1 2 2v2h-1.5V2a.5.5 0 0 0-.5-.5H8V0h2Z\" \/>\n\t\t\t<\/svg>\n\t\t<\/button><\/figure>\n\n\n\n<figure data-wp-context=\"{&quot;imageId&quot;:&quot;69f39badcd90c&quot;}\" data-wp-interactive=\"core\/image\" data-wp-key=\"69f39badcd90c\" class=\"wp-block-image size-large wp-lightbox-container\"><img loading=\"lazy\" decoding=\"async\" width=\"1024\" height=\"726\" data-wp-class--hide=\"state.isContentHidden\" data-wp-class--show=\"state.isContentVisible\" data-wp-init=\"callbacks.setButtonStyles\" data-wp-on--click=\"actions.showLightbox\" data-wp-on--load=\"callbacks.setButtonStyles\" data-wp-on-window--resize=\"callbacks.setButtonStyles\" data-id=\"2300\" src=\"https:\/\/www.oz1hq.dk\/wp-content\/uploads\/2025\/04\/OZ7AEI-1-1024x726.jpg\" alt=\"\" class=\"wp-image-2300\" srcset=\"https:\/\/www.oz1hq.dk\/wp-content\/uploads\/2025\/04\/OZ7AEI-1-1024x726.jpg 1024w, https:\/\/www.oz1hq.dk\/wp-content\/uploads\/2025\/04\/OZ7AEI-1-300x213.jpg 300w, https:\/\/www.oz1hq.dk\/wp-content\/uploads\/2025\/04\/OZ7AEI-1-768x545.jpg 768w, https:\/\/www.oz1hq.dk\/wp-content\/uploads\/2025\/04\/OZ7AEI-1-1536x1089.jpg 1536w, https:\/\/www.oz1hq.dk\/wp-content\/uploads\/2025\/04\/OZ7AEI-1-1200x851.jpg 1200w, https:\/\/www.oz1hq.dk\/wp-content\/uploads\/2025\/04\/OZ7AEI-1.jpg 1713w\" sizes=\"auto, (max-width: 1024px) 100vw, 1024px\" \/><button\n\t\t\tclass=\"lightbox-trigger\"\n\t\t\ttype=\"button\"\n\t\t\taria-haspopup=\"dialog\"\n\t\t\taria-label=\"Forst\u00f8r\"\n\t\t\tdata-wp-init=\"callbacks.initTriggerButton\"\n\t\t\tdata-wp-on--click=\"actions.showLightbox\"\n\t\t\tdata-wp-style--right=\"state.imageButtonRight\"\n\t\t\tdata-wp-style--top=\"state.imageButtonTop\"\n\t\t>\n\t\t\t<svg xmlns=\"http:\/\/www.w3.org\/2000\/svg\" width=\"12\" height=\"12\" fill=\"none\" viewBox=\"0 0 12 12\">\n\t\t\t\t<path fill=\"#fff\" d=\"M2 0a2 2 0 0 0-2 2v2h1.5V2a.5.5 0 0 1 .5-.5h2V0H2Zm2 10.5H2a.5.5 0 0 1-.5-.5V8H0v2a2 2 0 0 0 2 2h2v-1.5ZM8 12v-1.5h2a.5.5 0 0 0 .5-.5V8H12v2a2 2 0 0 1-2 2H8Zm2-12a2 2 0 0 1 2 2v2h-1.5V2a.5.5 0 0 0-.5-.5H8V0h2Z\" \/>\n\t\t\t<\/svg>\n\t\t<\/button><\/figure>\n\n\n\n<figure data-wp-context=\"{&quot;imageId&quot;:&quot;69f39badcdbf0&quot;}\" data-wp-interactive=\"core\/image\" data-wp-key=\"69f39badcdbf0\" class=\"wp-block-image size-large wp-lightbox-container\"><img loading=\"lazy\" decoding=\"async\" width=\"1024\" height=\"726\" data-wp-class--hide=\"state.isContentHidden\" data-wp-class--show=\"state.isContentVisible\" data-wp-init=\"callbacks.setButtonStyles\" data-wp-on--click=\"actions.showLightbox\" data-wp-on--load=\"callbacks.setButtonStyles\" data-wp-on-window--resize=\"callbacks.setButtonStyles\" data-id=\"2303\" src=\"https:\/\/www.oz1hq.dk\/wp-content\/uploads\/2025\/04\/5P1KZX-1-1024x726.jpg\" alt=\"\" class=\"wp-image-2303\" srcset=\"https:\/\/www.oz1hq.dk\/wp-content\/uploads\/2025\/04\/5P1KZX-1-1024x726.jpg 1024w, https:\/\/www.oz1hq.dk\/wp-content\/uploads\/2025\/04\/5P1KZX-1-300x213.jpg 300w, https:\/\/www.oz1hq.dk\/wp-content\/uploads\/2025\/04\/5P1KZX-1-768x545.jpg 768w, https:\/\/www.oz1hq.dk\/wp-content\/uploads\/2025\/04\/5P1KZX-1-1536x1089.jpg 1536w, https:\/\/www.oz1hq.dk\/wp-content\/uploads\/2025\/04\/5P1KZX-1-1200x851.jpg 1200w, https:\/\/www.oz1hq.dk\/wp-content\/uploads\/2025\/04\/5P1KZX-1.jpg 1713w\" sizes=\"auto, (max-width: 1024px) 100vw, 1024px\" \/><button\n\t\t\tclass=\"lightbox-trigger\"\n\t\t\ttype=\"button\"\n\t\t\taria-haspopup=\"dialog\"\n\t\t\taria-label=\"Forst\u00f8r\"\n\t\t\tdata-wp-init=\"callbacks.initTriggerButton\"\n\t\t\tdata-wp-on--click=\"actions.showLightbox\"\n\t\t\tdata-wp-style--right=\"state.imageButtonRight\"\n\t\t\tdata-wp-style--top=\"state.imageButtonTop\"\n\t\t>\n\t\t\t<svg xmlns=\"http:\/\/www.w3.org\/2000\/svg\" width=\"12\" height=\"12\" fill=\"none\" viewBox=\"0 0 12 12\">\n\t\t\t\t<path fill=\"#fff\" d=\"M2 0a2 2 0 0 0-2 2v2h1.5V2a.5.5 0 0 1 .5-.5h2V0H2Zm2 10.5H2a.5.5 0 0 1-.5-.5V8H0v2a2 2 0 0 0 2 2h2v-1.5ZM8 12v-1.5h2a.5.5 0 0 0 .5-.5V8H12v2a2 2 0 0 1-2 2H8Zm2-12a2 2 0 0 1 2 2v2h-1.5V2a.5.5 0 0 0-.5-.5H8V0h2Z\" \/>\n\t\t\t<\/svg>\n\t\t<\/button><\/figure>\n\n\n\n<figure data-wp-context=\"{&quot;imageId&quot;:&quot;69f39badcdec3&quot;}\" data-wp-interactive=\"core\/image\" data-wp-key=\"69f39badcdec3\" class=\"wp-block-image size-large wp-lightbox-container\"><img loading=\"lazy\" decoding=\"async\" width=\"1024\" height=\"726\" data-wp-class--hide=\"state.isContentHidden\" data-wp-class--show=\"state.isContentVisible\" data-wp-init=\"callbacks.setButtonStyles\" data-wp-on--click=\"actions.showLightbox\" data-wp-on--load=\"callbacks.setButtonStyles\" data-wp-on-window--resize=\"callbacks.setButtonStyles\" data-id=\"2296\" src=\"https:\/\/www.oz1hq.dk\/wp-content\/uploads\/2025\/04\/OZ1D-1-1024x726.jpg\" alt=\"\" class=\"wp-image-2296\" srcset=\"https:\/\/www.oz1hq.dk\/wp-content\/uploads\/2025\/04\/OZ1D-1-1024x726.jpg 1024w, https:\/\/www.oz1hq.dk\/wp-content\/uploads\/2025\/04\/OZ1D-1-300x213.jpg 300w, https:\/\/www.oz1hq.dk\/wp-content\/uploads\/2025\/04\/OZ1D-1-768x545.jpg 768w, https:\/\/www.oz1hq.dk\/wp-content\/uploads\/2025\/04\/OZ1D-1-1536x1089.jpg 1536w, https:\/\/www.oz1hq.dk\/wp-content\/uploads\/2025\/04\/OZ1D-1-1200x851.jpg 1200w, https:\/\/www.oz1hq.dk\/wp-content\/uploads\/2025\/04\/OZ1D-1.jpg 1713w\" sizes=\"auto, (max-width: 1024px) 100vw, 1024px\" \/><button\n\t\t\tclass=\"lightbox-trigger\"\n\t\t\ttype=\"button\"\n\t\t\taria-haspopup=\"dialog\"\n\t\t\taria-label=\"Forst\u00f8r\"\n\t\t\tdata-wp-init=\"callbacks.initTriggerButton\"\n\t\t\tdata-wp-on--click=\"actions.showLightbox\"\n\t\t\tdata-wp-style--right=\"state.imageButtonRight\"\n\t\t\tdata-wp-style--top=\"state.imageButtonTop\"\n\t\t>\n\t\t\t<svg xmlns=\"http:\/\/www.w3.org\/2000\/svg\" width=\"12\" height=\"12\" fill=\"none\" viewBox=\"0 0 12 12\">\n\t\t\t\t<path fill=\"#fff\" d=\"M2 0a2 2 0 0 0-2 2v2h1.5V2a.5.5 0 0 1 .5-.5h2V0H2Zm2 10.5H2a.5.5 0 0 1-.5-.5V8H0v2a2 2 0 0 0 2 2h2v-1.5ZM8 12v-1.5h2a.5.5 0 0 0 .5-.5V8H12v2a2 2 0 0 1-2 2H8Zm2-12a2 2 0 0 1 2 2v2h-1.5V2a.5.5 0 0 0-.5-.5H8V0h2Z\" \/>\n\t\t\t<\/svg>\n\t\t<\/button><\/figure>\n\n\n\n<figure data-wp-context=\"{&quot;imageId&quot;:&quot;69f39badce193&quot;}\" data-wp-interactive=\"core\/image\" data-wp-key=\"69f39badce193\" class=\"wp-block-image size-large wp-lightbox-container\"><img loading=\"lazy\" decoding=\"async\" width=\"1024\" height=\"726\" data-wp-class--hide=\"state.isContentHidden\" data-wp-class--show=\"state.isContentVisible\" data-wp-init=\"callbacks.setButtonStyles\" data-wp-on--click=\"actions.showLightbox\" data-wp-on--load=\"callbacks.setButtonStyles\" data-wp-on-window--resize=\"callbacks.setButtonStyles\" data-id=\"2298\" src=\"https:\/\/www.oz1hq.dk\/wp-content\/uploads\/2025\/04\/OZ1T-1-1024x726.jpg\" alt=\"\" class=\"wp-image-2298\" srcset=\"https:\/\/www.oz1hq.dk\/wp-content\/uploads\/2025\/04\/OZ1T-1-1024x726.jpg 1024w, https:\/\/www.oz1hq.dk\/wp-content\/uploads\/2025\/04\/OZ1T-1-300x213.jpg 300w, https:\/\/www.oz1hq.dk\/wp-content\/uploads\/2025\/04\/OZ1T-1-768x545.jpg 768w, https:\/\/www.oz1hq.dk\/wp-content\/uploads\/2025\/04\/OZ1T-1-1536x1089.jpg 1536w, https:\/\/www.oz1hq.dk\/wp-content\/uploads\/2025\/04\/OZ1T-1-1200x851.jpg 1200w, https:\/\/www.oz1hq.dk\/wp-content\/uploads\/2025\/04\/OZ1T-1.jpg 1713w\" sizes=\"auto, (max-width: 1024px) 100vw, 1024px\" \/><button\n\t\t\tclass=\"lightbox-trigger\"\n\t\t\ttype=\"button\"\n\t\t\taria-haspopup=\"dialog\"\n\t\t\taria-label=\"Forst\u00f8r\"\n\t\t\tdata-wp-init=\"callbacks.initTriggerButton\"\n\t\t\tdata-wp-on--click=\"actions.showLightbox\"\n\t\t\tdata-wp-style--right=\"state.imageButtonRight\"\n\t\t\tdata-wp-style--top=\"state.imageButtonTop\"\n\t\t>\n\t\t\t<svg xmlns=\"http:\/\/www.w3.org\/2000\/svg\" width=\"12\" height=\"12\" fill=\"none\" viewBox=\"0 0 12 12\">\n\t\t\t\t<path fill=\"#fff\" d=\"M2 0a2 2 0 0 0-2 2v2h1.5V2a.5.5 0 0 1 .5-.5h2V0H2Zm2 10.5H2a.5.5 0 0 1-.5-.5V8H0v2a2 2 0 0 0 2 2h2v-1.5ZM8 12v-1.5h2a.5.5 0 0 0 .5-.5V8H12v2a2 2 0 0 1-2 2H8Zm2-12a2 2 0 0 1 2 2v2h-1.5V2a.5.5 0 0 0-.5-.5H8V0h2Z\" \/>\n\t\t\t<\/svg>\n\t\t<\/button><\/figure>\n\n\n\n<figure data-wp-context=\"{&quot;imageId&quot;:&quot;69f39badce45c&quot;}\" data-wp-interactive=\"core\/image\" data-wp-key=\"69f39badce45c\" class=\"wp-block-image size-large wp-lightbox-container\"><img loading=\"lazy\" decoding=\"async\" width=\"1024\" height=\"726\" data-wp-class--hide=\"state.isContentHidden\" data-wp-class--show=\"state.isContentVisible\" data-wp-init=\"callbacks.setButtonStyles\" data-wp-on--click=\"actions.showLightbox\" data-wp-on--load=\"callbacks.setButtonStyles\" data-wp-on-window--resize=\"callbacks.setButtonStyles\" data-id=\"2304\" src=\"https:\/\/www.oz1hq.dk\/wp-content\/uploads\/2025\/04\/OZ1AAR-1-1024x726.jpg\" alt=\"\" class=\"wp-image-2304\" srcset=\"https:\/\/www.oz1hq.dk\/wp-content\/uploads\/2025\/04\/OZ1AAR-1-1024x726.jpg 1024w, https:\/\/www.oz1hq.dk\/wp-content\/uploads\/2025\/04\/OZ1AAR-1-300x213.jpg 300w, https:\/\/www.oz1hq.dk\/wp-content\/uploads\/2025\/04\/OZ1AAR-1-768x545.jpg 768w, https:\/\/www.oz1hq.dk\/wp-content\/uploads\/2025\/04\/OZ1AAR-1-1536x1089.jpg 1536w, https:\/\/www.oz1hq.dk\/wp-content\/uploads\/2025\/04\/OZ1AAR-1-1200x851.jpg 1200w, https:\/\/www.oz1hq.dk\/wp-content\/uploads\/2025\/04\/OZ1AAR-1.jpg 1713w\" sizes=\"auto, (max-width: 1024px) 100vw, 1024px\" \/><button\n\t\t\tclass=\"lightbox-trigger\"\n\t\t\ttype=\"button\"\n\t\t\taria-haspopup=\"dialog\"\n\t\t\taria-label=\"Forst\u00f8r\"\n\t\t\tdata-wp-init=\"callbacks.initTriggerButton\"\n\t\t\tdata-wp-on--click=\"actions.showLightbox\"\n\t\t\tdata-wp-style--right=\"state.imageButtonRight\"\n\t\t\tdata-wp-style--top=\"state.imageButtonTop\"\n\t\t>\n\t\t\t<svg xmlns=\"http:\/\/www.w3.org\/2000\/svg\" width=\"12\" height=\"12\" fill=\"none\" viewBox=\"0 0 12 12\">\n\t\t\t\t<path fill=\"#fff\" d=\"M2 0a2 2 0 0 0-2 2v2h1.5V2a.5.5 0 0 1 .5-.5h2V0H2Zm2 10.5H2a.5.5 0 0 1-.5-.5V8H0v2a2 2 0 0 0 2 2h2v-1.5ZM8 12v-1.5h2a.5.5 0 0 0 .5-.5V8H12v2a2 2 0 0 1-2 2H8Zm2-12a2 2 0 0 1 2 2v2h-1.5V2a.5.5 0 0 0-.5-.5H8V0h2Z\" \/>\n\t\t\t<\/svg>\n\t\t<\/button><\/figure>\n\n\n\n<figure data-wp-context=\"{&quot;imageId&quot;:&quot;69f39badce729&quot;}\" data-wp-interactive=\"core\/image\" data-wp-key=\"69f39badce729\" class=\"wp-block-image size-large wp-lightbox-container\"><img loading=\"lazy\" decoding=\"async\" width=\"1024\" height=\"726\" data-wp-class--hide=\"state.isContentHidden\" data-wp-class--show=\"state.isContentVisible\" data-wp-init=\"callbacks.setButtonStyles\" data-wp-on--click=\"actions.showLightbox\" data-wp-on--load=\"callbacks.setButtonStyles\" data-wp-on-window--resize=\"callbacks.setButtonStyles\" data-id=\"2299\" src=\"https:\/\/www.oz1hq.dk\/wp-content\/uploads\/2025\/04\/OZ4NA-1-1024x726.jpg\" alt=\"\" class=\"wp-image-2299\" srcset=\"https:\/\/www.oz1hq.dk\/wp-content\/uploads\/2025\/04\/OZ4NA-1-1024x726.jpg 1024w, https:\/\/www.oz1hq.dk\/wp-content\/uploads\/2025\/04\/OZ4NA-1-300x213.jpg 300w, https:\/\/www.oz1hq.dk\/wp-content\/uploads\/2025\/04\/OZ4NA-1-768x545.jpg 768w, https:\/\/www.oz1hq.dk\/wp-content\/uploads\/2025\/04\/OZ4NA-1-1536x1089.jpg 1536w, https:\/\/www.oz1hq.dk\/wp-content\/uploads\/2025\/04\/OZ4NA-1-1200x851.jpg 1200w, https:\/\/www.oz1hq.dk\/wp-content\/uploads\/2025\/04\/OZ4NA-1.jpg 1713w\" sizes=\"auto, (max-width: 1024px) 100vw, 1024px\" \/><button\n\t\t\tclass=\"lightbox-trigger\"\n\t\t\ttype=\"button\"\n\t\t\taria-haspopup=\"dialog\"\n\t\t\taria-label=\"Forst\u00f8r\"\n\t\t\tdata-wp-init=\"callbacks.initTriggerButton\"\n\t\t\tdata-wp-on--click=\"actions.showLightbox\"\n\t\t\tdata-wp-style--right=\"state.imageButtonRight\"\n\t\t\tdata-wp-style--top=\"state.imageButtonTop\"\n\t\t>\n\t\t\t<svg xmlns=\"http:\/\/www.w3.org\/2000\/svg\" width=\"12\" height=\"12\" fill=\"none\" viewBox=\"0 0 12 12\">\n\t\t\t\t<path fill=\"#fff\" d=\"M2 0a2 2 0 0 0-2 2v2h1.5V2a.5.5 0 0 1 .5-.5h2V0H2Zm2 10.5H2a.5.5 0 0 1-.5-.5V8H0v2a2 2 0 0 0 2 2h2v-1.5ZM8 12v-1.5h2a.5.5 0 0 0 .5-.5V8H12v2a2 2 0 0 1-2 2H8Zm2-12a2 2 0 0 1 2 2v2h-1.5V2a.5.5 0 0 0-.5-.5H8V0h2Z\" \/>\n\t\t\t<\/svg>\n\t\t<\/button><\/figure>\n\n\n\n<figure data-wp-context=\"{&quot;imageId&quot;:&quot;69f39badce9ed&quot;}\" data-wp-interactive=\"core\/image\" data-wp-key=\"69f39badce9ed\" class=\"wp-block-image size-large wp-lightbox-container\"><img loading=\"lazy\" decoding=\"async\" width=\"1024\" height=\"726\" data-wp-class--hide=\"state.isContentHidden\" data-wp-class--show=\"state.isContentVisible\" data-wp-init=\"callbacks.setButtonStyles\" data-wp-on--click=\"actions.showLightbox\" data-wp-on--load=\"callbacks.setButtonStyles\" data-wp-on-window--resize=\"callbacks.setButtonStyles\" data-id=\"2302\" src=\"https:\/\/www.oz1hq.dk\/wp-content\/uploads\/2025\/04\/OZ4ZT-1-1024x726.jpg\" alt=\"\" class=\"wp-image-2302\" srcset=\"https:\/\/www.oz1hq.dk\/wp-content\/uploads\/2025\/04\/OZ4ZT-1-1024x726.jpg 1024w, https:\/\/www.oz1hq.dk\/wp-content\/uploads\/2025\/04\/OZ4ZT-1-300x213.jpg 300w, https:\/\/www.oz1hq.dk\/wp-content\/uploads\/2025\/04\/OZ4ZT-1-768x545.jpg 768w, https:\/\/www.oz1hq.dk\/wp-content\/uploads\/2025\/04\/OZ4ZT-1-1536x1089.jpg 1536w, https:\/\/www.oz1hq.dk\/wp-content\/uploads\/2025\/04\/OZ4ZT-1-1200x851.jpg 1200w, https:\/\/www.oz1hq.dk\/wp-content\/uploads\/2025\/04\/OZ4ZT-1.jpg 1713w\" sizes=\"auto, (max-width: 1024px) 100vw, 1024px\" \/><button\n\t\t\tclass=\"lightbox-trigger\"\n\t\t\ttype=\"button\"\n\t\t\taria-haspopup=\"dialog\"\n\t\t\taria-label=\"Forst\u00f8r\"\n\t\t\tdata-wp-init=\"callbacks.initTriggerButton\"\n\t\t\tdata-wp-on--click=\"actions.showLightbox\"\n\t\t\tdata-wp-style--right=\"state.imageButtonRight\"\n\t\t\tdata-wp-style--top=\"state.imageButtonTop\"\n\t\t>\n\t\t\t<svg xmlns=\"http:\/\/www.w3.org\/2000\/svg\" width=\"12\" height=\"12\" fill=\"none\" viewBox=\"0 0 12 12\">\n\t\t\t\t<path fill=\"#fff\" d=\"M2 0a2 2 0 0 0-2 2v2h1.5V2a.5.5 0 0 1 .5-.5h2V0H2Zm2 10.5H2a.5.5 0 0 1-.5-.5V8H0v2a2 2 0 0 0 2 2h2v-1.5ZM8 12v-1.5h2a.5.5 0 0 0 .5-.5V8H12v2a2 2 0 0 1-2 2H8Zm2-12a2 2 0 0 1 2 2v2h-1.5V2a.5.5 0 0 0-.5-.5H8V0h2Z\" \/>\n\t\t\t<\/svg>\n\t\t<\/button><\/figure>\n\n\n\n<figure data-wp-context=\"{&quot;imageId&quot;:&quot;69f39badcecb6&quot;}\" data-wp-interactive=\"core\/image\" data-wp-key=\"69f39badcecb6\" class=\"wp-block-image size-large wp-lightbox-container\"><img loading=\"lazy\" decoding=\"async\" width=\"1024\" height=\"726\" data-wp-class--hide=\"state.isContentHidden\" data-wp-class--show=\"state.isContentVisible\" data-wp-init=\"callbacks.setButtonStyles\" data-wp-on--click=\"actions.showLightbox\" data-wp-on--load=\"callbacks.setButtonStyles\" data-wp-on-window--resize=\"callbacks.setButtonStyles\" data-id=\"2301\" src=\"https:\/\/www.oz1hq.dk\/wp-content\/uploads\/2025\/04\/OZ7AMG-1024x726.jpg\" alt=\"\" class=\"wp-image-2301\" srcset=\"https:\/\/www.oz1hq.dk\/wp-content\/uploads\/2025\/04\/OZ7AMG-1024x726.jpg 1024w, https:\/\/www.oz1hq.dk\/wp-content\/uploads\/2025\/04\/OZ7AMG-300x213.jpg 300w, https:\/\/www.oz1hq.dk\/wp-content\/uploads\/2025\/04\/OZ7AMG-768x545.jpg 768w, https:\/\/www.oz1hq.dk\/wp-content\/uploads\/2025\/04\/OZ7AMG-1536x1089.jpg 1536w, https:\/\/www.oz1hq.dk\/wp-content\/uploads\/2025\/04\/OZ7AMG-1200x851.jpg 1200w, https:\/\/www.oz1hq.dk\/wp-content\/uploads\/2025\/04\/OZ7AMG.jpg 1713w\" sizes=\"auto, (max-width: 1024px) 100vw, 1024px\" \/><button\n\t\t\tclass=\"lightbox-trigger\"\n\t\t\ttype=\"button\"\n\t\t\taria-haspopup=\"dialog\"\n\t\t\taria-label=\"Forst\u00f8r\"\n\t\t\tdata-wp-init=\"callbacks.initTriggerButton\"\n\t\t\tdata-wp-on--click=\"actions.showLightbox\"\n\t\t\tdata-wp-style--right=\"state.imageButtonRight\"\n\t\t\tdata-wp-style--top=\"state.imageButtonTop\"\n\t\t>\n\t\t\t<svg xmlns=\"http:\/\/www.w3.org\/2000\/svg\" width=\"12\" height=\"12\" fill=\"none\" viewBox=\"0 0 12 12\">\n\t\t\t\t<path fill=\"#fff\" d=\"M2 0a2 2 0 0 0-2 2v2h1.5V2a.5.5 0 0 1 .5-.5h2V0H2Zm2 10.5H2a.5.5 0 0 1-.5-.5V8H0v2a2 2 0 0 0 2 2h2v-1.5ZM8 12v-1.5h2a.5.5 0 0 0 .5-.5V8H12v2a2 2 0 0 1-2 2H8Zm2-12a2 2 0 0 1 2 2v2h-1.5V2a.5.5 0 0 0-.5-.5H8V0h2Z\" \/>\n\t\t\t<\/svg>\n\t\t<\/button><\/figure>\n<figcaption class=\"blocks-gallery-caption wp-element-caption\">Klik p\u00e5 diplomet. Derefter h\u00f8jreklik og v\u00e6lg at germme eller printe<\/figcaption><\/figure>\n\n\n\n<h5 class=\"wp-block-heading has-text-align-center\"><strong>Mere info:  <a href=\"https:\/\/oz1hq.dk\/sh5\/2025-OZ100IARU\/\" target=\"_blank\" rel=\"noreferrer noopener\">https:\/\/oz1hq.dk\/sh5\/2025-OZ100IARU\/<\/a><\/strong><\/h5>\n\n\n\n<hr class=\"wp-block-separator has-alpha-channel-opacity\"\/>\n\n\n\n<h4 class=\"wp-block-heading has-text-align-center has-background-color has-text-color has-background has-link-color wp-elements-710f91fdc6a676f7a5ae088415578b04\" style=\"background-color:#e3aa1bcf\">Invitation til alle danske radioamat\u00f8rer<\/h4>\n\n\n\n<p class=\"has-background-color has-text-color has-background has-link-color has-normal-font-size wp-elements-54b93d7a72a958f3c8dd83302b9282aa\" style=\"background-color:#687095\">Radioaktivitet: Lav kontakter til alverdens radioamat\u00f8rer<br>Dato og tid: 19. april kl. 00:00 UTC til 27. april kl. 23:59 UTC<br>Sted: Hjemme hos dig selv eller i din lokalafdeling<br>B\u00e5nd: Alle amat\u00f8rradio b\u00e5nd, HF-EHF, &nbsp;inklusiv Satellit, WARC og 60m<br>Modes: CW, SSB, Digi, Mix<br>Klasse: Single operat\u00f8r eller Klub\/Lokalafdeling<br>Udveksling af rapport: RS(T) eller dB<br>F\u00e6lles lokator:&nbsp; JO55EJ<br>F\u00e6lles kaldesignal: OZ100IARU<\/p>\n\n\n\n<h6 class=\"wp-block-heading has-background-color has-text-color has-background has-link-color has-large-font-size wp-elements-a9fdd1ff2527e8c6b511dfed7cbb4b22\" style=\"background-color:#e3aa1bcf\"><strong>Tilmelding<\/strong>: sker til oz2i@edr.dk med oplysning om dit (eller klubbens\/ lokalafdelingens) kaldesignal, dit navn og adresse samt e-mail adresse og ogs\u00e5 gerne hvilke modes du vil benytte.   <br>Du vil modtage yderligere vejledning omkring aktiviteten.<\/h6>\n\n\n\n<p class=\"has-background\" style=\"background-color:#687095\"><strong>Elektronisk Log<\/strong> i ADIF-format skal sendes til oz2i@edr.dk dagligt, hver gang du har v\u00e6ret aktiv. Du skal altid indsende log uanset hvor f\u00e5 eller mange QSO du har k\u00f8rt.<\/p>\n\n\n\n<h6 class=\"wp-block-heading has-background-color has-text-color has-background has-link-color wp-elements-b6335351253eb9aa700364fdc5caabcb\" style=\"background-color:#e3aa1bcf\"><strong> &#8211; Operat\u00f8r certifikat<\/strong> til alle aktive operat\u00f8rer<br><br> &#8211; <strong>Operat\u00f8r plakette<\/strong> til de mest aktive operat\u00f8rer<\/h6>\n\n\n\n<p><\/p>\n","protected":false},"excerpt":{"rendered":"<p>19. &#8211; 27 APRIL 2025 B\u00e5de OZ2PBS og OZ8R n\u00e5ede op p\u00e5 mere end 21 kontakter med OZ100IARU operat\u00f8rerne.Forholdene var godt nok ikke med os denne gang og det var sv\u00e6rt at f\u00e5 forbindelser p\u00e5 stort set alle b\u00e5nd. En undtagelse er DIGI, hvor Michael 5P1KZX lavede ikke mindre end 4.047 QSO&#8217;er = FLOT. Operat\u00f8rcertifikater [&hellip;]<\/p>\n","protected":false},"author":1,"featured_media":2236,"parent":0,"menu_order":0,"comment_status":"closed","ping_status":"closed","template":"","meta":{"footnotes":""},"class_list":["post-2234","page","type-page","status-publish","has-post-thumbnail","hentry"],"_links":{"self":[{"href":"https:\/\/www.oz1hq.dk\/index.php?rest_route=\/wp\/v2\/pages\/2234","targetHints":{"allow":["GET"]}}],"collection":[{"href":"https:\/\/www.oz1hq.dk\/index.php?rest_route=\/wp\/v2\/pages"}],"about":[{"href":"https:\/\/www.oz1hq.dk\/index.php?rest_route=\/wp\/v2\/types\/page"}],"author":[{"embeddable":true,"href":"https:\/\/www.oz1hq.dk\/index.php?rest_route=\/wp\/v2\/users\/1"}],"replies":[{"embeddable":true,"href":"https:\/\/www.oz1hq.dk\/index.php?rest_route=%2Fwp%2Fv2%2Fcomments&post=2234"}],"version-history":[{"count":21,"href":"https:\/\/www.oz1hq.dk\/index.php?rest_route=\/wp\/v2\/pages\/2234\/revisions"}],"predecessor-version":[{"id":2314,"href":"https:\/\/www.oz1hq.dk\/index.php?rest_route=\/wp\/v2\/pages\/2234\/revisions\/2314"}],"wp:featuredmedia":[{"embeddable":true,"href":"https:\/\/www.oz1hq.dk\/index.php?rest_route=\/wp\/v2\/media\/2236"}],"wp:attachment":[{"href":"https:\/\/www.oz1hq.dk\/index.php?rest_route=%2Fwp%2Fv2%2Fmedia&parent=2234"}],"curies":[{"name":"wp","href":"https:\/\/api.w.org\/{rel}","templated":true}]}}